ed millions digit of 1395015783?
3
What is the ten thousands digit of 396397763?
9
What is the thousands digit of 381267498?
7
What is the tens digit of 98364269?
6
What is the tens digit of 507480292?
9
What is the millions digit of 1365424775?
5
What is the hundred thousands digit of 657552439?
5
What is the thousands digit of 24339301?
9
What is the hundred millions digit of 258140073?
2
What is the tens digit of 184179118?
1
What is the thousands digit of 14260522?
0
What is the ten millions digit of 3312848950?
1
What is the hundred thousands digit of 3168869674?
8
What is the hundred millions digit of 181745613?
1
What is the ten millions digit of 190053179?
9
What is the units digit of 41944796?
6
What is the ten millions digit of 27763566?
2
What is the units digit of 360170420?
0
What is the billions digit of 2997159146?
2
What is the hundreds digit of 134066842?
8
What is the millions digit of 260995755?
0
What is the hundreds digit of 64288135?
1
What is the millions digit of 1302501585?
2
What is the ten millions digit of 253202594?
5
What is the billions digit of 2103837175?
2
What is the millions digit of 68970588?
8
What is the ten millions digit of 194998696?
9
What is the ten thousands digit of 7600605299?
0
What is the hundreds digit of 1601748772?
7
What is the hundred thousands digit of 78064838?
0
What is the tens digit of 107057565?
6
What is the millions digit of 2812552167?
2
What is the ten thousands digit of 353130231?
3
What is the millions digit of 147055110?
7
What is the units digit of 4455320?
0
What is the hundred thousands digit of 307192576?
1
What is the hundred thousands digit of 324694488?
6
What is the tens digit of 958968436?
3
What is the hundred thousands digit of 10377283?
3
What is the hundreds digit of 90147522?
5
What is the ten thousands digit of 491875979?
7
What is the tens digit of 79370425?
2
What is the tens digit of 1783611351?
5
What is the hundred thousands digit of 2676764921?
7
What is the millions digit of 178466859?
8
What is the hundred thousands digit of 9136180?
1
What is the units digit of 22676792?
2
What is the ten millions digit of 20633280?
2
What is the hundred millions digit of 1063742395?
0
What is the thousands digit of 1001519372?
9
What is the billions digit of 1011595033?
1
What is the units digit of 243533288?
8
What is the units digit of 286124180?
0
What is the hundred thousands digit of 42092650?
0
What is the ten thousands digit of 46941154?
4
What is the tens digit of 956416637?
3
What is the hundreds digit of 111979441?
4
What is the thousands digit of 74171853?
1
What is the thousands digit of 329963514?
3
What is the units digit of 123191666?
6
What is the millions digit of 13616777?
3
What is the hundred thousands digit of 1119071104?
0
What is the units digit of 44993250?
0
What is the ten millions digit of 157309065?
5
What is the ten millions digit of 55111025?
5
What is the millions digit of 2606977447?
6
What is the hundred millions digit of 1074349494?
0
What is the ten millions digit of 10409559?
1
What is the hundred thousands digit of 1566956058?
9
What is the hundreds digit of 1082257986?
9
What is the hundred thousands digit of 57850480?
8
What is the tens digit of 74793262?
6
What is the tens digit of 264525146?
4
What is the millions digit of 84477219?
4
What is the millions digit of 459659563?
9
What is the millions digit of 411960424?
1
What is the millions digit of 1362687033?
2
What is the hundred thousands digit of 343705814?
7
What is the units digit of 932646689?
9
What is the hundreds digit of 1198974690?
6
What is the ten thousands digit of 1117120200?
2
What is the units digit of 278358692?
2
What is the thousands digit of 135304345?
4
What is the thousands digit of 113555201?
5
What is the hundreds digit of 635291460?
4
What is the hundreds digit of 38703360?
3
What is the thousands digit of 5420695981?
5
What is the billions digit of 1815885253?
1
What is the hundreds digit of 20936509?
5
What is the hundreds digit of 58328945?
9
What is the ten thousands digit of 262122272?
2
What is the hundreds digit of 1451755017?
0
What is the millions digit of 973082805?
3
What is the hundreds digit of 2731872498?
4
What is the ten millions digit of 1376610145?
7
What is the hundred thousands digit of 710674263?
6
What is the hundred thousands digit of 28396050?
3
What is the thousands digit of 6928803?
8
What is the hundreds digit of 385101471?
4
What is the units digit of 1729147236?
6
What is the units digit of 52565100?
0
What is the thousands digit of 105438554?
8
What is the thousands digit of 461568956?
8
What is the hundreds digit of 420616706?
7
What is the tens digit of 7311708?
0
What is the units digit of 263678309?
9
What is the millions digit of 1049378307?
9
What is the tens digit of 750803836?
3
What is the hundreds digit of 1129159458?
4
What is the thousands digit of 589681507?
1
What is the hundreds digit of 63282840?
8
What is the billions digit of 2227033262?
2
What is the ten millions digit of 40189520?
4
What is the hundred thousands digit of 2445756715?
7
What is the tens digit of 38965627?
2
What is the ten millions digit of 62143019?
6
What is the ten millions digit of 127609512?
2
What is the hundreds digit of 512317087?
0
What is the hundreds digit of 39258880?
8
What is the hundred thousands digit of 317708510?
7
What is the millions digit of 121233742?
1
What is the ten millions digit of 453402974?
5
What is the ten millions digit of 2153162598?
5
What is the thousands digit of 1675258184?
8
What is the thousands digit of 60133709?
3
What is the ten millions digit of 107421606?
0
What is the thousands digit of 2556263394?
3
What is the ten thousands digit of 539943156?
4
What is the ten millions digit of 30888895?
3
What is the ten millions digit of 343939342?
4
What is the thousands digit of 1628685578?
5
What is the thousands digit of 1799693717?
3
What is the hundred thousands digit of 164921068?
9
What is the ten thousands digit of 919301044?
0
What is the tens digit of 114801464?
6
What is the millions digit of 5497036?
5
What is the ten thousands digit of 535088962?
8
What is the ten millions digit of 64370953?
6
What is the tens digit of 300561411?
1
What is the thousands digit of 599384361?
4
What is the ten millions digit of 11252901?
1
What is the units digit of 130648211?
1
What is the tens digit of 624768915?
1
What is the hundred thousands digit of 123410275?
4
What is the thousands digit of 1466829192?
9
What is the millions digit of 864690530?
4
What is the ten millions digit of 1615385126?
1
What is the hundreds digit of 146889509?
5
What is the billions digit of 1152610994?
1
What is the ten thousands digit of 1874851809?
5
What is the hundreds digit of 1885497760?
7
What is the hundreds digit of 541274241?
2
What is the units digit of 1053479683?
3
What is the thousands digit of 124050097?
0
What is the hundred thousands digit of 195535683?
5
What is the hundred millions digit of 237912354?
2
What is the hundreds digit of 50200127?
1
What is the ten thousands digit of 131957363?
5
What is the tens digit of 19007028?
2
What is the ten millions digit of 2247180336?
4
What is the tens digit of 66408006?
0
What is the millions digit of 33841621?
3
What is the ten millions digit of 355556762?
5
What is the hundreds digit of 19518566?
5
What is the ten thousands digit of 83957415?
5
What is the millions digit of 550048091?
0
What is the hundred thousands digit of 1995178020?
1
What is the billions digit of 1008484026?
1
What is the units digit of 7698760?
0
What is the ten millions digit of 86934441?
8
What is the ten thousands digit of 125471622?
7
What is the ten millions digit of 6954878859?
5
What is the hundreds digit of 1135790777?
7
What is the hundreds digit of 5436837555?
5
What is the ten thousands digit of 44608637?
0
What is the ten millions digit of 784435157?
8
What is the thousands digit of 393056247?
6
What is the hundreds digit of 1063770705?
7
What is the units digit of 13612015?
5
What is the units digit of 290789383?
3
What is the ten millions digit of 31518602?
3
What is the thousands digit of 605440883?
0
What is the ten thousands digit of 941628233?
2
What is the billions digit o